{"id":75,"date":"2020-10-08T16:00:29","date_gmt":"2020-10-08T16:00:29","guid":{"rendered":"https:\/\/demosites.io\/museum-gb\/?page_id=75"},"modified":"2025-02-24T16:13:23","modified_gmt":"2025-02-24T16:13:23","slug":"el-hostal","status":"publish","type":"page","link":"https:\/\/hostalriosbolonia.com\/web\/el-hostal\/","title":{"rendered":"El Hostal"},"content":{"rendered":"\n<section id=\"wp-block-themeisle-blocks-advanced-columns-323556eb\" class=\"wp-block-themeisle-blocks-advanced-columns alignfull has-1-columns has-desktop-equal-layout has-tablet-equal-layout has-mobile-equal-layout has-vertical-center\"><div class=\"wp-block-themeisle-blocks-advanced-columns-overlay\"><\/div><div class=\"innerblocks-wrap\">\n<div id=\"wp-block-themeisle-blocks-advanced-column-46b6a2ac\" class=\"wp-block-themeisle-blocks-advanced-column\"><\/div>\n<\/div><\/section>\n\n\n\n<section id=\"wp-block-themeisle-blocks-advanced-columns-335a2f03\" class=\"wp-block-themeisle-blocks-advanced-columns alignfull has-1-columns has-desktop-equal-layout has-tablet-equal-layout has-mobile-equal-layout has-vertical-flex-start\"><div class=\"wp-block-themeisle-blocks-advanced-columns-overlay\"><\/div><div class=\"innerblocks-wrap\">\n<div id=\"wp-block-themeisle-blocks-advanced-column-5d90343f\" class=\"wp-block-themeisle-blocks-advanced-column\">\n<section id=\"wp-block-themeisle-blocks-advanced-columns-b2ead1d6\" class=\"wp-block-themeisle-blocks-advanced-columns has-2-columns has-desktop-equal-layout has-tablet-equal-layout has-mobile-collapsedRows-layout has-vertical-center\"><div class=\"wp-block-themeisle-blocks-advanced-columns-overlay\"><\/div><div class=\"innerblocks-wrap\">\n<div id=\"wp-block-themeisle-blocks-advanced-column-7c705a1c\" class=\"wp-block-themeisle-blocks-advanced-column\">\n<p id=\"wp-block-themeisle-blocks-advanced-heading-fac45edb\" class=\"wp-block-themeisle-blocks-advanced-heading wp-block-themeisle-blocks-advanced-heading-fac45edb\">Despierta con el sonido del mar<\/p>\n\n\n\n<h2 class=\"wp-block-heading has-text-align-left\">Hostal R\u00edos<\/h2>\n\n\n\n<p>Si buscas un lugar para desconectar, relajarte y disfrutar del mar, Hostal R\u00edos es tu mejor elecci\u00f3n. Estamos junto a la playa, en un entorno \u00fanico donde la tranquilidad y la naturaleza se combinan con el mejor ambiente.<\/p>\n\n\n\n<p>Si quieres <strong>olvidarte del estr\u00e9s, disfrutar del mar y la mejor comida<\/strong>, <strong>este es tu sitio.<\/strong> Reserva y prep\u00e1rate para unos d\u00edas de descanso total.<\/p>\n<\/div>\n\n\n\n<div id=\"wp-block-themeisle-blocks-advanced-column-c06e59ca\" class=\"wp-block-themeisle-blocks-advanced-column\">\n<figure class=\"wp-block-image size-full\"><img loading=\"lazy\" decoding=\"async\" width=\"1024\" height=\"567\" src=\"https:\/\/hostalriosbolonia.com\/web\/wp-content\/uploads\/2025\/02\/16.jpg\" alt=\"\" class=\"wp-image-140\" srcset=\"https:\/\/hostalriosbolonia.com\/web\/wp-content\/uploads\/2025\/02\/16.jpg 1024w, https:\/\/hostalriosbolonia.com\/web\/wp-content\/uploads\/2025\/02\/16-300x166.jpg 300w, https:\/\/hostalriosbolonia.com\/web\/wp-content\/uploads\/2025\/02\/16-768x425.jpg 768w\" sizes=\"auto, (max-width: 1024px) 100vw, 1024px\" \/><\/figure>\n<\/div>\n<\/div><\/section>\n\n\n\n<section id=\"wp-block-themeisle-blocks-advanced-columns-8e7cc7ae\" class=\"wp-block-themeisle-blocks-advanced-columns has-3-columns has-desktop-equal-layout has-tablet-equal-layout has-mobile-collapsedRows-layout has-vertical-flex-start has-light-bg\"><div class=\"wp-block-themeisle-blocks-advanced-columns-overlay\"><\/div><div class=\"innerblocks-wrap\">\n<div id=\"wp-block-themeisle-blocks-advanced-column-725f10a7\" class=\"wp-block-themeisle-blocks-advanced-column\">\n<span id=\"wp-block-themeisle-blocks-advanced-heading-111239c3\" class=\"wp-block-themeisle-blocks-advanced-heading wp-block-themeisle-blocks-advanced-heading-111239c3\"><strong>UBICACI\u00d3N INMEJORABLE<\/strong><\/span>\n\n\n\n<p>Sales de la habitaci\u00f3n y en dos pasos est\u00e1s en la arena. Despertar con la brisa marina y dormir con el sonido de las olas no tiene precio.<\/p>\n<\/div>\n\n\n\n<div id=\"wp-block-themeisle-blocks-advanced-column-3c67f726\" class=\"wp-block-themeisle-blocks-advanced-column\">\n<span id=\"wp-block-themeisle-blocks-advanced-heading-50241480\" class=\"wp-block-themeisle-blocks-advanced-heading wp-block-themeisle-blocks-advanced-heading-50241480\"><strong>EQUIPAMIENTO<\/strong><\/span>\n\n\n\n<p>Dispones de aire acondicionado, ba\u00f1o privado, nevera y televisi\u00f3n, todo pensado para que descanses sin preocupaciones.<\/p>\n<\/div>\n\n\n\n<div id=\"wp-block-themeisle-blocks-advanced-column-4956dbc0\" class=\"wp-block-themeisle-blocks-advanced-column\">\n<span id=\"wp-block-themeisle-blocks-advanced-heading-eb165074\" class=\"wp-block-themeisle-blocks-advanced-heading wp-block-themeisle-blocks-advanced-heading-eb165074\"><strong>VISTAS IMPRESIONANTES<\/strong><\/span>\n\n\n\n<p>En nuestro hostal te sentir\u00e1s como en casa desde el primer momento. Nos gusta que cada hu\u00e9sped se lleve una experiencia \u00fanica.<\/p>\n<\/div>\n<\/div><\/section>\n\n\n\n<section id=\"wp-block-themeisle-blocks-advanced-columns-39c4064f\" class=\"wp-block-themeisle-blocks-advanced-columns has-3-columns has-desktop-equal-layout has-tablet-equal-layout has-mobile-collapsedRows-layout has-vertical-flex-start has-light-bg\"><div class=\"wp-block-themeisle-blocks-advanced-columns-overlay\"><\/div><div class=\"innerblocks-wrap\">\n<div id=\"wp-block-themeisle-blocks-advanced-column-b03dea29\" class=\"wp-block-themeisle-blocks-advanced-column\">\n<span id=\"wp-block-themeisle-blocks-advanced-heading-b1869e4d\" class=\"wp-block-themeisle-blocks-advanced-heading wp-block-themeisle-blocks-advanced-heading-b1869e4d\"><strong>DESAYUNO INCLUIDO<\/strong><\/span>\n\n\n\n<p>Comienza el d\u00eda con un desayuno completo que podr\u00e1s disfrutar en nuestra terraza frente al mar.<\/p>\n<\/div>\n\n\n\n<div id=\"wp-block-themeisle-blocks-advanced-column-4ca08877\" class=\"wp-block-themeisle-blocks-advanced-column\">\n<span id=\"wp-block-themeisle-blocks-advanced-heading-4435ad69\" class=\"wp-block-themeisle-blocks-advanced-heading wp-block-themeisle-blocks-advanced-heading-4435ad69\"><strong>PARKING PRIVADO<\/strong><\/span>\n\n\n\n<p>Aparcar en Bolonia puede ser complicado en temporada alta, pero aqu\u00ed tienes tu plaza garantizada.<\/p>\n<\/div>\n\n\n\n<div id=\"wp-block-themeisle-blocks-advanced-column-f95bbd55\" class=\"wp-block-themeisle-blocks-advanced-column\">\n<span id=\"wp-block-themeisle-blocks-advanced-heading-0e761d7e\" class=\"wp-block-themeisle-blocks-advanced-heading wp-block-themeisle-blocks-advanced-heading-0e761d7e\"><strong>AMBIENTE ACOGEDOR<\/strong><\/span>\n\n\n\n<p>Muchas de nuestras habitaciones cuentan con balc\u00f3n o terraza, perfectos para disfrutar del Atl\u00e1ntico y de atardeceres inolvidables.<\/p>\n<\/div>\n<\/div><\/section>\n<\/div>\n<\/div><\/section>\n\n\n\n<div id=\"wp-block-themeisle-blocks-slider-9cbd0eda\" class=\"wp-block-themeisle-blocks-slider glide\" data-per-view=\"3\" data-gap=\"20\" data-peek=\"34\" data-autoplay=\"true\" data-height=\"400px\" data-hide-arrows=\"false\"><div class=\"glide__track\" data-glide-el=\"track\"><div class=\"glide__slides\"><div class=\"wp-block-themeisle-blocks-slider-item-wrapper glide__slide\" tabindex=\"0\"><figure><img decoding=\"async\" class=\"wp-block-themeisle-blocks-slider-item\" src=\"https:\/\/hostalriosbolonia.com\/web\/wp-content\/uploads\/2025\/02\/10-scaled.jpg\" alt=\"\" title=\"\" data-id=\"134\"\/><\/figure><\/div><div class=\"wp-block-themeisle-blocks-slider-item-wrapper glide__slide\" tabindex=\"0\"><figure><img decoding=\"async\" class=\"wp-block-themeisle-blocks-slider-item\" src=\"https:\/\/hostalriosbolonia.com\/web\/wp-content\/uploads\/2025\/02\/5.jpg\" alt=\"\" title=\"\" data-id=\"129\"\/><\/figure><\/div><div class=\"wp-block-themeisle-blocks-slider-item-wrapper glide__slide\" tabindex=\"0\"><figure><img decoding=\"async\" class=\"wp-block-themeisle-blocks-slider-item\" src=\"https:\/\/hostalriosbolonia.com\/web\/wp-content\/uploads\/2025\/02\/4.jpg\" alt=\"\" title=\"\" data-id=\"128\"\/><\/figure><\/div><div class=\"wp-block-themeisle-blocks-slider-item-wrapper glide__slide\" tabindex=\"0\"><figure><img decoding=\"async\" class=\"wp-block-themeisle-blocks-slider-item\" src=\"https:\/\/hostalriosbolonia.com\/web\/wp-content\/uploads\/2025\/02\/6.jpg\" alt=\"\" title=\"\" data-id=\"130\"\/><\/figure><\/div><div class=\"wp-block-themeisle-blocks-slider-item-wrapper glide__slide\" tabindex=\"0\"><figure><img decoding=\"async\" class=\"wp-block-themeisle-blocks-slider-item\" src=\"https:\/\/hostalriosbolonia.com\/web\/wp-content\/uploads\/2025\/02\/8.jpg\" alt=\"\" title=\"\" data-id=\"132\"\/><\/figure><\/div><div class=\"wp-block-themeisle-blocks-slider-item-wrapper glide__slide\" tabindex=\"0\"><figure><img decoding=\"async\" class=\"wp-block-themeisle-blocks-slider-item\" src=\"https:\/\/hostalriosbolonia.com\/web\/wp-content\/uploads\/2025\/02\/7.jpg\" alt=\"\" title=\"\" data-id=\"131\"\/><\/figure><\/div><div class=\"wp-block-themeisle-blocks-slider-item-wrapper glide__slide\" tabindex=\"0\"><figure><img decoding=\"async\" class=\"wp-block-themeisle-blocks-slider-item\" src=\"https:\/\/hostalriosbolonia.com\/web\/wp-content\/uploads\/2025\/02\/13.jpg\" alt=\"\" title=\"\" data-id=\"137\"\/><\/figure><\/div><div class=\"wp-block-themeisle-blocks-slider-item-wrapper glide__slide\" tabindex=\"0\"><figure><img decoding=\"async\" class=\"wp-block-themeisle-blocks-slider-item\" src=\"https:\/\/hostalriosbolonia.com\/web\/wp-content\/uploads\/2025\/02\/15.jpg\" alt=\"\" title=\"\" data-id=\"139\"\/><\/figure><\/div><div class=\"wp-block-themeisle-blocks-slider-item-wrapper glide__slide\" tabindex=\"0\"><figure><img decoding=\"async\" class=\"wp-block-themeisle-blocks-slider-item\" src=\"https:\/\/hostalriosbolonia.com\/web\/wp-content\/uploads\/2025\/02\/16.jpg\" alt=\"\" title=\"\" data-id=\"140\"\/><\/figure><\/div><div class=\"wp-block-themeisle-blocks-slider-item-wrapper glide__slide\" tabindex=\"0\"><figure><img decoding=\"async\" class=\"wp-block-themeisle-blocks-slider-item\" src=\"https:\/\/hostalriosbolonia.com\/web\/wp-content\/uploads\/2025\/02\/1-scaled.jpg\" alt=\"\" title=\"\" data-id=\"125\"\/><\/figure><\/div><div class=\"wp-block-themeisle-blocks-slider-item-wrapper glide__slide\" tabindex=\"0\"><figure><img decoding=\"async\" class=\"wp-block-themeisle-blocks-slider-item\" src=\"https:\/\/hostalriosbolonia.com\/web\/wp-content\/uploads\/2025\/02\/3-scaled.jpg\" alt=\"\" title=\"\" data-id=\"127\"\/><\/figure><\/div><\/div><\/div><\/div>\n\n\n\n<div style=\"height:100px\" aria-hidden=\"true\" class=\"wp-block-spacer\"><\/div>\n","protected":false},"excerpt":{"rendered":"","protected":false},"author":1,"featured_media":0,"parent":0,"menu_order":0,"comment_status":"closed","ping_status":"closed","template":"page-templates\/template-pagebuilder-full-width.php","meta":{"neve_meta_sidebar":"full-width","neve_meta_container":"","neve_meta_enable_content_width":"on","neve_meta_content_width":100,"neve_meta_title_alignment":"","neve_meta_author_avatar":"","neve_post_elements_order":"","neve_meta_disable_header":"","neve_meta_disable_footer":"","neve_meta_disable_title":"","neve_meta_reading_time":"","_themeisle_gutenberg_block_has_review":false,"footnotes":""},"class_list":["post-75","page","type-page","status-publish","hentry"],"jetpack_sharing_enabled":true,"_links":{"self":[{"href":"https:\/\/hostalriosbolonia.com\/web\/wp-json\/wp\/v2\/pages\/75","targetHints":{"allow":["GET"]}}],"collection":[{"href":"https:\/\/hostalriosbolonia.com\/web\/wp-json\/wp\/v2\/pages"}],"about":[{"href":"https:\/\/hostalriosbolonia.com\/web\/wp-json\/wp\/v2\/types\/page"}],"author":[{"embeddable":true,"href":"https:\/\/hostalriosbolonia.com\/web\/wp-json\/wp\/v2\/users\/1"}],"replies":[{"embeddable":true,"href":"https:\/\/hostalriosbolonia.com\/web\/wp-json\/wp\/v2\/comments?post=75"}],"version-history":[{"count":13,"href":"https:\/\/hostalriosbolonia.com\/web\/wp-json\/wp\/v2\/pages\/75\/revisions"}],"predecessor-version":[{"id":174,"href":"https:\/\/hostalriosbolonia.com\/web\/wp-json\/wp\/v2\/pages\/75\/revisions\/174"}],"wp:attachment":[{"href":"https:\/\/hostalriosbolonia.com\/web\/wp-json\/wp\/v2\/media?parent=75"}],"curies":[{"name":"wp","href":"https:\/\/api.w.org\/{rel}","templated":true}]}}